- 11) + -4 + 5
9
Evaluate -2 + (-5 - -3) + (3 - -2 - 12).
-11
Evaluate (223 - 228) + 2 + 20.
17
Calculate -16 - (-9 + 8 + 5) - -7.
-13
Evaluate -11 - (28 + (-4 - 23)).
-12
What is the value of -122 + 117 - (-3 - -2 - 13)?
9
What is (-185 - -174) + 0 + 14?
3
Calculate -1 + -20 - (34 + -46).
-9
11 + -7 + -12 - (-1 - (-2 - -3))
-6
Evaluate (10 - 6) + -29 + 33.
8
What is 141 + -111 + -54 + 4?
-20
What is 5 - 3 - 18 - (-5 - (-13 - -11))?
-13
Evaluate 10 + -5 - 8 - -10.
7
2 + 0 - ((-6 - -9 - 12) + -8)
19
What is (9 - (10 + 4)) + 10 + 4?
9
What is -18 - (-20 - (3 + -19))?
-14
What is the value of -16 + (-2 + 14 + -13 - 5)?
-22
(-192 - -213) + (1 - 37)
-15
What is the value of 9 + 58 + -36 + -2 + -2 + 6?
33
What is the value of 16 + 1 + -18 + -33 + 7?
-27
Calculate (-1 + -2 - (12 + -8)) + (140 - 145).
-12
Calculate (-16 - 3) + 13 + 17.
11
What is -2 + (-1 - (1 - -2)) - 8?
-14
Evaluate -3 + 2 - (7 + 4).
-12
What is -35 - (11 + -12) - -15?
-19
What is (38 - 5 - 18) + 0 + -9 + 8?
14
14 - -12 - (17 - 2)
11
Evaluate (0 - -1 - (61 + -49)) + 5.
-6
-55 - (28 + -51) - (-12 - 2)
-18
What is 8 + (-46 - -28) + 16?
6
Evaluate -17 + (3 - -4 - (-6 + 0 - -11)).
-15
What is 36 + (-20 - -14) - 60?
-30
What is the value of (-11 - 5) + 59 - -10 - 11?
42
Evaluate 21 + -6 + -15 + (1 - 0 - 3).
-2
Calculate -14 - (-1 + -3 + -11 + 10).
-9
16 - 50 - -9 - 6
-31
-35 + -2 - (4 + -5 + -3 + 4)
-37
What is the value of 35 + 14 + -4 + (1 - 17)?
29
Calculate 5 - (6 - (2 + (-13 - -5)) - 6).
-1
What is the value of (-11 - (14 + -8)) + 13?
-4
What is the value of (14 - (8 + -3) - 14) + -5?
-10
What is (1 - 15) + (-26 - -6 - -20)?
-14
What is (47 - 25 - (5 + -12)) + 1?
30
What is 10 + -7 + -38 + 20?
-15
What is 13 + -16 + -9 - -10?
-2
What is -1 + (-2 - -1 - 5) - 13 - -4?
-16
What is the value of 9 + (26 + -14 - -2) + -16?
7
What is -9 + (64 - 79) + -2 + 14?
-12
What is 15 + -13 + -5 - 8 - 4?
-15
Calculate 7 + -11 + (37 - 17).
16
What is -11 - (-8 - (3 + -7 + 14))?
7
What is (-7 + 6 - 25) + 0 + 2?
-24
What is -31 + 29 + 16 + -12?
2
Evaluate 6 - ((1 - (-1 - -3)) + -19 + 23).
3
Calculate -3 - (7 + (-1 + 0 + -2 - 0)).
-7
Calculate 15 + (10 - (1 + 12)).
12
Evaluate -4 - (0 + -8 + 22 - (-2 - -8)).
-12
-47 + (-20 - 21) + 59
-29
Evaluate -1 + -3 + 3 - 39 - (24 - 33).
-31
What is the value of 4 + -7 + 0 - -9 - 16?
-10
Calculate 8 + (-12 - 12 - -21).
5
Calculate -665 + 648 - (-14 + 0).
-3
Calculate -3 + (1 - (0 - 1)) + (-6 - -8).
1
What is the value of 5 - (-2 - -1) - (-146 + 90 + 50)?
12
Calculate 190 + -206 - (-32 - 0).
16
What is 0 + 4 + (-7 - 0) - -14?
11
Calculate (-58 - -3 - -41) + (1 + -1 - -9).
-5
What is the value of -9 - (-11 - (-10 + 9)) - 5?
-4
What is -4 - (23 + -12) - (-7 + -2 + 5)?
-11
Evaluate (4 - (-13 - -22)) + (2 + 0 - -18).
15
-5 + -26 + (28 - -8)
5
What is the value of (-6 - 0) + -13 + 8 + 13 + 5?
7
What is 2 + (7 - 21) + 17?
5
Evaluate (1 - -5) + -2 + -3 - -7.
8
What is the value of -4 + (585 - 591) + 0 + 1 + 7?
-2
Calculate 11 + -7 - (-7 + (6 - -7)).
-2
8 + -4 - (9 + (-5 - -5))
-5
10 - ((-2 - -15) + 3 + -8)
2
Evaluate 2 - (20 + -27 - (-4 + -3 - -3)).
5
What is the value of -16 - -3 - -8 - -17?
12
What is the value of (-4 - -6 - -15) + (-5 + 6 - 3)?
15
What is the value of (32 + 15 - 26) + -7?
14
What is the value of -1 + -7 - ((-7 - -3) + -8)?
4
What is -120 + 115 - (2 - (1 + 9))?
3
Evaluate (3 - (-20 - -8)) + -6.
9
Evaluate -16 + -3 + 8 + -2.
-13
What is the value of 61 + -80 + 0 + (22 - 3)?
0
(1 - 0 - (16 + -18)) + -31 + 37
9
Evaluate (-7 - -16) + -9 + 10.
10
Calculate 1 + -15 - -11 - (-33 + 12).
18
What is the value of -9 + 10 + (4 - -2) + -2?
5
5 + 2 - (12 - 4 - -1)
-2
Evaluate (0 - -1) + 7 - (27 - 79 - -47).
13
What is the value of (-11 - -20) + (0 - 0) + (-5 - -4)?
8
-10 + -5 + 0 + 14
-1
Calculate -1 + 6 - (97 - 98) - 10.
-4
What is 3 + 15 + -10 - -7?
15
What is the value of 0 + (0 + -2 + (20 - 28) - -2)?
-8
-9 + -7 + 17 - -4
5
Evaluate -12 - (-13 + (11 - 3)) - 28.
-35
What is the value of -22 + 79 + -11 - 27?
19
What is -11 - (6 - 16 - -8)?
-9
Evaluate -23 - (33 + -39 + 2).
-19
-2 - -5 - (-145 - -134 - (0 - 13))
1
Evaluate 1 - (-4 - 2) - (142 + -153).
18
What is the value of (-13 - -11) + 18 + -7 + 6?
15
-50 + 90 + (-30 - -17)
27
Evaluate 5 + (20 - (30 - 10)).
5
What is -1 - (-15 + (11 - -10))?
-7
-11 + -7 - (15 + -17) - 16
-32
Calculate -2 - 0 - (-15 + (12 - 7)) - -3.
11
What is the value of -4 - (6 + -12 + -1) - 0?
3
Calculate 2 - (11 - 6) - (-5 + -6).
8
(8 - (-1 - 1)) + (-14 + 2 - -8)
6
Calculate 22 + -16 + 25 + -25 + 11.
17
Evaluate (-33 - (-37 - -17)) + (3 - 10).
-20
-25 + 30 + (0 - 24 - (-20 - -26))
-25
What is -18 - (-3 - (19 + 3))?
7
Evaluate (4 + (-4 - -2) - -5) + (-9 - -2).
0
Calculate -17 + 9 + -17 + 0 + 10.
-15
What is the value of 4 + (18 - 11 - 24) + -5?
-18
What is 10 + -3 - 0 - 15 - (6 - 8)?
-6
Evaluate (-18 - (-17 + 35 + -1)) + 5.
-30
Calculate 3 + -22 + (11 + 2 - 7).
-13
Evaluate -2 + 7 + (-12 - -4) - -4.
1
11 - (-5 + -11 - -13)
14
What is the value of (-56 - -28) + 15 + -7?
-20
What is the value of -12 + -13 + 9 + 14 + -16?
-18
68 + -74 - (0 + -4)
-2
Evaluate -12 + 2 + (11 - (-10 - (-26 + 9))).
-6
Calculate 14 - (1 + -5 + 2 + (5 - 1)).
12
(4 - (10 + 7)) + -1
-14
(4 + -17 - -6) + -1 + 7 + 7
6
Evaluate (-2 - (-12 + -2)) + (-3 + -10 - -4).
3
What is the value of (1 - (0 + 2)) + (-32 + 22 - -13)?
2
What is (-8 - 3 - (2 - 10)) + -7?
-10
Calculate (-1 - -1 - (6 + 14)) + (79 - 79).
-20
Calculate 0 + -6 + 12 + 7 + -37.
-24
Calculate -5 + 4 + 7 + (1 - (-4 + 2)).
9
(38 - (63 - 18)) + 15
8
What is 0 + 28 - ((3 - 27) + 32)?
20
Calculate -119 + (112 - -11) + (13 - 0) + -1.
16
Calculate (-25 - 0) + -8 + 6 + -8 + 20.
-15
6 + (25 + -6 - 14)
11
Evaluate 0 + -4 + -12 + (9 + 2 - -11).
6
What is -24 + (-16 - 0) + 22?
-18
What is the value of -2 + 13 - (26 + -19)?
4
Evaluate 4 - (-6 + (16 - 2) + -5).
1
(-5 + -3 + 17 - 1) + 5 + -1
12
-5 + -9 + 16 - (1 - -3)
-2
Evaluate -39 + -3 - (237 - 262).
-17
67 + -15 + (-24 - -7) - 11
24
What is the value of -7 + 3 + (2 - 2) - -19?
15
(-1 - -11) + (111 - 127)
-6
Calculate -9 - (-25 - -16) - (9 - 1).
-8
What is the value of -10 - (29 - (15 + 5))?
-19
-13 + -1 + (7 - -13)
6
Calculate 17 + -7 - (11 - (4 - -7)).
10
Calculate 23 + -31 - (8 - 7).
-9
Calculate -24 + 61 - (19 - -3).
15
Calculate (7 - -4) + (-6 - (-4 + 4 + -11)).
16
What is the value of 4 + (2 + 8 - 18)?
-4
Calculate -7 - (-13 - -12) - -1.
-5
Evaluate 6 - ((5 - -26) + -11).
-14
6 + 0 + 2 + (1644 - 1670)
-18
-8 + (20 + -38 - -1)
-25
What is (6 - 19) + 11 - (-1 + -2 - 10)?
11
What is (7 - ((6 - -2) + 7)) + 3?
-5
Calculate -18 + 19 + -2 - 7.
-8
-4 + 3 + (13 - (-5 + 18))
-1
What is the value of 0 + -4 + -33 + -5 - (22 - 32)?
-32
Calculate (7 - 11) + (-1 - (12 + -12)).
-5
What is -4 + 8 - (1 + -4 + -5 + 1)?
11
Evaluate 26 + (-7 + -2 - -6) + -11.
12
What is -23 + (16 - 0) - -13?
6
Calculate -17 + (8 + -1 - -7).
-3
Evaluate -40 + 7 + 7 + 3.
-23
(-1 + -1 - 5) + (4 - 7 - -16)
6
Calculate 14 + 8 + -8 + 0 + -1.
13
Evaluate (-24 - -24) + (18 - 7).
11
Evaluate -4 - 1 - -5 - (2 - (2 + -17)).
-17
What is -39 + 29 + (-2 - -10)?
-2
What is -2 - 13 - -2 - 0?
-13
Evaluate -11 - (-5 + (6 - -1)) - -27.
14
Calculate (-3 + 5 + 0 - 4) + (33 - 52).
-21
Evaluate 1 + 1 + 4 + 1 + (203 - 212).
-2
What is the value of 16 + (-3 - (24 - 37))?
26
What is the value of (-27 + -33 - -20) + (9 - -2)?
-29
What is -7 + -27 + (9 - -45)?
20
9 + -6 + 6 + -4 + 2
7
What is the value of 10 + (12 - 23) + -6?
-7
What is (6 + -3 - 5) + 3 - (-5 - -6)?
0
Evaluate 5 + -32 + 32 + -6 + 1 + 15.
15
What is (-1 - -1) + 8 + -11?
-3
What is -18 + (16 - (-8 - (-17 - -5)))?
-6
Calculate 19 + (-70 + 38 - -1).
-12
Evaluate (2 - (2 + 3 - 12)) + -2.
7
What is the value of (-1 + (6 - 5) + 0 - 7) + -13?
-20
Evaluate 1 - (-7 + 0) - (-2 - -2 - -6).
2
Evaluate -6 - (-1 - 6 - (32 - 35)).
-2
-177 + 156 - (3 - 31)
7
Evaluate (15 - (17 + -12) - 23) + (12 - 0).
-1
Calculate 4 + (-5 - (-3 - -10) - -4) + -5.
-9
What is -2 + 8 + 5 + -9 - (-65 - -74)?
-7
What is 8 - (-1 - -31) - (0 + -2)?
-20
What is 10 - (-7 + (10 - (-9 + 12)))?
10
Evaluate 33 + -51 - (-6 - (-5 + 3)).
-14
Calculate 6 + -1 - (-3 - (-6 + -8 + 7)).
1
Calculate 11 + ((-4 - 2 - -6) + -11 - -3).
3
Calculate -7 - (-5 + 5 + 10 - 16).
-1
Evaluate 1 + -6 - (-245 - -278).
-38
What is (17 -